66)/4)/((-539)/(-140) + -4). Calculate the highest common factor of p and t.
22
Let r = 404 + -367. What is the greatest common divisor of 148 and r?
37
Suppose 16*l - 761 - 1143 = 0. Calculate the greatest common factor of l and 7.
7
Let k = 357 - 332. What is the highest common factor of k and 1?
1
Suppose 2*l + 39 = 2*a - l, 0 = 2*a - 5*l - 45. What is the highest common factor of 75 and a?
15
Let v be (-5 + 2)/((-2)/(8/6)). Suppose 3*o - 1 = v*d, d + 2*o - 3 + 0 = 0. What is the highest common factor of 7 and d?
1
Let r be (13 - (4 - -7))/(2/4). Calculate the greatest common divisor of 54 and r.
2
Suppose -4*a + g + 13 = 0, 2 = 3*a + g + 1. Suppose 2*z - 176 = -a*z. Calculate the greatest common divisor of 11 and z.
11
Suppose 9*q + 637 = 16*q. What is the greatest common divisor of 7 and q?
7
Let h(l) = -l**3 + 11*l**2 - 5*l - 39. Let w be h(10). What is the greatest common divisor of 3652 and w?
11
Let l be 138/(-4)*5*(-12)/5. Calculate the greatest common factor of 18 and l.
18
Let z = -317 - -547. What is the greatest common divisor of 20 and z?
10
Let q(x) = x**2 + x - 7. Let g be q(-7). Let f = g - -40. Let w be 184/12 + (-4)/12. Calculate the highest common factor of w and f.
15
Suppose k + 2 = -2*v, k + 9*v = 4*v - 5. Suppose 10*t - 5*t - 1080 = k. Let g be 8/(-28) - 170/(-7). Calculate the greatest common divisor of g and t.
24
Suppose -3*f = -2*n + 7, -2*n + 3*n = 3*f + 11. Let w be ((-10)/6 - -1)/(n/240). What is the highest common divisor of w and 8?
8
Suppose 2*c - 516 = 5*a, -386*a = -3*c - 388*a + 736. What is the highest common factor of c and 24?
8
Let u(x) = -2*x**3 - 30*x**2 + 72*x + 74. Let r be u(-17). What is the highest common factor of 42 and r?
6
Suppose 27*x = 30*x + 3*v - 156, -208 = -4*x + 5*v. What is the highest common factor of 650 and x?
26
Let p(z) = -z**3 - 12*z**2 + 16*z - 29. Let h be p(-15). Suppose 7*g - 546 = h. Calculate the greatest common factor of 17 and g.
17
Let j = 130 - 75. Suppose 4*m - 117 = -3*x, x = -2*m - 15 + 76. Calculate the greatest common factor of m and j.
11
Let t be (-3)/9*3 + 6. Let j be 10/t*9/6. Let r = -8 - -9. What is the highest common divisor of r and j?
1
Suppose -528 = -290*a + 284*a. What is the highest common divisor of a and 11?
11
Suppose -403 = -8*a + 77. Suppose 5*m + 5*q - 300 = 0, 0*m = -m - 3*q + a. Calculate the highest common factor of m and 20.
20
Let s(p) = 3*p**2 + 14*p - 33. Let k be s(2). Let q(r) = 16*r + 1. Let a be q(3). Calculate the highest common factor of a and k.
7
Let k = 9 - 1. Let d be -7 + k/2 + 27. Let a be (4/6)/(1/18). Calculate the highest common divisor of d and a.
12
Let j = -6 + 168. Let i be (2/(-6))/((-3)/j). What is the greatest common divisor of 72 and i?
18
Suppose m + 523 = 2*n + 6*m, 5*n = -2*m + 1318. Calculate the greatest common factor of 24 and n.
24
Let w(k) = 6*k**2 - k - 4. Let u be w(-4). Let j(c) = -c**3 - 17*c**2 - 6*c - 38. Let b be j(-17). Calculate the highest common divisor of b and u.
32
Let o(s) = 12*s - 13. Let q be o(7). Suppose -5*v + 3*z = -0*v - q, -3*v = -z - 45. What is the greatest common factor of v and 144?
16
Suppose -376 = -2*u - 2*c, 0 = -2*u + 3*c + 187 + 169. Suppose 24 = -5*y + u. Let d = -36 + 44. Calculate the greatest common divisor of d and y.
8
Suppose -5*b + 2090 = -3*i - 2*i, -5*i = -4*b + 1670. Suppose -p = 4*u - b, u + 308 = 4*u - p. Calculate the greatest common factor of 26 and u.
26
Suppose 3*r + r + 5*u = -130, -2*r - 68 = 4*u. Let q = 50 - r. Calculate the highest common divisor of q and 5.
5
Let a be 1/1*(-4 + 9). Suppose a*b + 4*s = -17, -5*b - 4*s - 12 = -b. Let m(y) = -y + 4. Let w be m(b). What is the greatest common divisor of w and 9?
9
Suppose 6 = 39*j - 38*j. Calculate the greatest common divisor of j and 138.
6
Suppose 80*k - 219 - 581 = 0. Let s be (-3)/(-1) + (-4)/(-2). What is the highest common factor of s and k?
5
Let r = 4212 + -4042. Let o(b) = 7*b**2 + 4*b + 3. Let f be o(-3). Suppose 0 = 5*i + f - 224. What is the greatest common divisor of i and r?
34
Suppose -15*r + 54*r - 5031 = 0. Calculate the highest common factor of r and 6.
3
Let q(n) be the first derivative of n**4/4 - 8*n**3/3 + n**2/2 + 19*n - 28. Let j be q(8). What is the greatest common divisor of j and 36?
9
Suppose -141 = -4*c + 35. What is the highest common factor of c and 704?
44
Let v(r) = -r**3 + 7*r**2 - r + 21. Let a be v(7). What is the highest common factor of a and 112?
14
Suppose 3*a - 895 = w - 32, 5*a - w = 1439. Calculate the highest common divisor of 180 and a.
36
Let c = -28 + 6. Let s = -19 - c. Suppose -s*h = -293 + 77. Calculate the highest common factor of h and 8.
8
Suppose 215 = 10*i + 95. What is the highest common factor of i and 8?
4
Suppose -12 = 4*p - 4*i, 0*p = -3*p - 4*i + 26. Let v be (0*(-1)/2 - -1) + 44. Suppose -p*a + 3 = -v. Calculate the highest common factor of 60 and a.
12
Suppose -237 = 28*s - 1777. What is the highest common divisor of s and 40?
5
Let k = -432 + 442. What is the highest common divisor of k and 80?
10
Suppose -l - 3*h + 55 = 0, -34*l + 29*l - 3*h + 311 = 0. Calculate the greatest common factor of 608 and l.
32
Let g be 1/(2*(-1)/(-26)). Calculate the highest common divisor of g and 1.
1
Suppose -3*q = q + 4. Let v be 18/3 - 2 - q. Suppose 4*h - z - 39 + 15 = 0, -2*z = -2*h + 18. Calculate the highest common divisor of v and h.
5
Let h(t) be the third derivative of -1/60*t**5 - 7/3*t**3 + 0*t + 0 + 7*t**2 + 1/2*t**4. Let f be h(7). What is the greatest common factor of f and 189?
21
Suppose -25*n + 27*n - 70 = 0. Let y(g) = 7*g**3. Let q be y(1). What is the highest common factor of n and q?
7
Suppose -4*b - 5*n = -3*b + 52, -4*n + 4 = 0. Let q be (b/(-12))/((-2)/(-16)). Suppose 3*d - q = -5. What is the greatest common divisor of 88 and d?
11
Suppose 3*w = 2*w + 1. Let u be -2 + 1 + w + 40. Suppose -12*x = -9*x - 180. What is the greatest common factor of u and x?
20
Let z be 26 + 0 + 9/(72/(-16)). Calculate the highest common divisor of 1416 and z.
24
Let j be 34/119*(-14)/2. Let b be 20 + -16 + (-58)/j. What is the greatest common divisor of 264 and b?
33
Suppose u + 0*u = 0. Suppose 4*i - 15 - 17 = u. Let z(w) = w**3 + 5*w**2 - 61*w - 193. Let a be z(-3). What is the highest common divisor of a and i?
8
Let k(l) = l**2 - 9*l + 56. Let j be k(4). Calculate the greatest common factor of 228 and j.
12
Let d = 7 + -3. Suppose d*u - 370 = b, -5*u + 85 = -4*u - 4*b. What is the greatest common factor of 31 and u?
31
Let q be -15 + 5 - 7 - (-1 + -1). Let g = q + 44. What is the highest common divisor of g and 29?
29
Let t = 527 + -512. Calculate the highest common divisor of t and 165.
15
Suppose -9*b = -23 - 4. Calculate the highest common factor of 1 and b.
1
Suppose -15*t = -10*t - 2*q - 120, 4*t + 4*q = 68. What is the highest common factor of 11 and t?
11
Suppose 0 = 2*d + 10*d - 216. What is the greatest common factor of d and 90?
18
Let r(z) = 11*z**3 - 3*z. Let k be r(7). Suppose 0 = 14*y - k + 1400. Calculate the greatest common factor of 24 and y.
24
Let i be 27/(-4*2/(-24)). Calculate the highest common factor of 9 and i.
9
Suppose -7*r = -160 + 62. Calculate the greatest common factor of r and 56.
14
Let v(c) = 18*c**2 + 14*c + 30. Let q be v(-3). What is the highest common divisor of 18 and q?
6
Let z be 126/33 - 6/(-33). Let r be (10/z - 3)*-34. What is the greatest common divisor of 187 and r?
17
Suppose -8 = -3*r + 7. Suppose 0*m = -r*m. Suppose -5*w + 4 = -p, 5*p = -m*p + w + 52. Calculate the greatest common factor of 33 and p.
11
Let j = 140 + -24. Suppose j - 96 = 2*x. Let m = -2 - -7. Calculate the greatest common divisor of m and x.
5
Let q be (94/8)/((-1)/(-8)). Let s be (-1)/(-2) - q/(-4). Let d(v) = -4*v - 60. Let c be d(-19). Calculate the highest common divisor of c and s.
8
Let c = 521 - 388. What is the highest common divisor of c and 21?
7
Let h(v) = 15*v - 56. Let d be h(4). Let c(x) = x**2 + 2*x - 3. Let g be c(-3). Suppose -q + 1 = -g*q. What is the highest common factor of d and q?
1
Let n = 6 + -21. Let m be 21/15 - (-6)/n. Let h = -2 + 4. What is the highest common divisor of h and m?
1
Let u(y) = y**3 + 6*y**2 - 7*y - 26. Let q be u(-6). Suppose -4*p = -308 - q. What is the highest common divisor of p and 9?
9